37755?
3, 5, 59, 223, 827
List the prime factors of 4870841.
41, 118801
List the prime factors of 210824962.
2, 105412481
List the prime factors of 576415220.
2, 5, 28820761
What are the prime factors of 1387746765?
3, 5, 457, 67481
What are the prime factors of 8252230?
2, 5, 7, 117889
What are the prime factors of 1744073681?
7, 249153383
What are the prime factors of 40328944?
2, 19, 132661
List the prime factors of 533626798.
2, 59, 4522261
List the prime factors of 109899018.
2, 3, 73, 9293
What are the prime factors of 347982408?
2, 3, 557, 8677
List the prime factors of 812561.
211, 3851
List the prime factors of 580150026.
2, 3, 373, 9601
What are the prime factors of 103098506?
2, 7, 17, 433187
What are the prime factors of 58546954?
2, 29273477
What are the prime factors of 2134469544?
2, 3, 17, 61, 139, 617
What are the prime factors of 154218568?
2, 7, 2753903
List the prime factors of 865253437.
17, 50897261
List the prime factors of 583124628.
2, 3, 239, 203321
What are the prime factors of 14089661?
787, 17903
List the prime factors of 1195941447.
3, 3559, 37337
List the prime factors of 217975024.
2, 41, 229, 1451
What are the prime factors of 16326867?
3, 5442289
What are the prime factors of 953289923?
953289923
What are the prime factors of 159062803?
159062803
List the prime factors of 451566491.
31, 14566661
List the prime factors of 299804779.
299804779
What are the prime factors of 88490321?
17, 61, 85333
List the prime factors of 326166038.
2, 11, 137, 108217
List the prime factors of 106188178.
2, 239, 222151
What are the prime factors of 90547256?
2, 11318407
What are the prime factors of 23889321?
3, 223, 11903
List the prime factors of 3978681368.
2, 67, 7422913
List the prime factors of 13163657.
13, 211, 4799
List the prime factors of 771931756.
2, 1601, 120539
What are the prime factors of 61959679?
17, 151, 24137
List the prime factors of 6290786980.
2, 5, 1361, 231109
What are the prime factors of 31515084?
2, 3, 875419
What are the prime factors of 1204719692?
2, 11, 211, 129763
List the prime factors of 182678253.
3, 60892751
What are the prime factors of 249358002?
2, 3, 41559667
What are the prime factors of 70021020?
2, 3, 5, 37, 31541
List the prime factors of 12194700.
2, 3, 5, 7, 5807
List the prime factors of 1404319594.
2, 109, 6441833
What are the prime factors of 63871199?
7, 9124457
List the prime factors of 73367240.
2, 5, 17, 23, 4691
What are the prime factors of 1635115105?
5, 13, 25155617
List the prime factors of 29864279.
349, 85571
What are the prime factors of 30652037?
13, 17, 47, 227
List the prime factors of 91358518.
2, 353, 129403
List the prime factors of 3627133953.
3, 19, 733, 86813
What are the prime factors of 1176256453?
683, 1722191
What are the prime factors of 1543252197?
3, 17, 29, 61379
List the prime factors of 2525755726.
2, 13, 823, 118037
List the prime factors of 8376770.
2, 5, 837677
List the prime factors of 3500171865.
3, 5, 25927199
What are the prime factors of 64079905?
5, 103, 124427
What are the prime factors of 1327858462?
2, 7, 89, 1065697
List the prime factors of 322544146.
2, 161272073
List the prime factors of 159423920.
2, 5, 89, 22391
What are the prime factors of 485086782?
2, 3, 3511, 23027
List the prime factors of 25379196.
2, 3, 2114933
List the prime factors of 16153688.
2, 2019211
What are the prime factors of 749807934?
2, 3, 29, 283, 15227
List the prime factors of 4034142.
2, 3, 7, 101, 317
List the prime factors of 4535476422.
2, 3, 73, 2381, 4349
What are the prime factors of 1326125419?
1326125419
What are the prime factors of 727693201?
29, 25092869
List the prime factors of 49702190.
2, 5, 59, 61, 1381
What are the prime factors of 45554879?
173, 263323
List the prime factors of 9645821682.
2, 3, 7, 229662421
List the prime factors of 107428617.
3, 11936513
What are the prime factors of 799816658?
2, 487, 821167
List the prime factors of 541822134.
2, 3, 7, 41, 59, 5333
What are the prime factors of 4065713650?
2, 5, 81314273
List the prime factors of 13291029.
3, 37, 167, 239
List the prime factors of 12219428.
2, 13, 234989
What are the prime factors of 93415503?
3, 2777, 11213
List the prime factors of 13457264.
2, 841079
What are the prime factors of 577729206?
2, 3, 31, 563, 613
List the prime factors of 1601595.
3, 5, 35591
List the prime factors of 20878721.
20878721
What are the prime factors of 170903357?
281, 739, 823
List the prime factors of 569559013.
61, 9337033
List the prime factors of 31709662.
2, 43, 368717
What are the prime factors of 14963898?
2, 3, 2493983
List the prime factors of 799459729.
2287, 349567
List the prime factors of 339709227.
3, 11, 13, 19, 71, 587
What are the prime factors of 16824598?
2, 7, 83, 14479
List the prime factors of 24524290.
2, 5, 7, 350347
What are the prime factors of 584561289?
3, 13, 167, 89753
What are the prime factors of 261001481?
13, 47, 109, 3919
What are the prime factors of 89255032?
2, 17, 41, 16007
What are the prime factors of 64833920?
2, 5, 17, 59, 101
What are the prime factors of 24551648?
2, 11, 19, 3671
What are the prime factors of 1032174161?
4153, 248537
What are the prime factors of 271639436?
2, 191, 355549
List the prime factors of 1359757147.
7, 194251021
What are the prime factors of 889826579?
37, 103, 233489
What are the prime factors of 2433781071?
3, 11173, 24203
List the prime factors of 2342856182.
2, 1171428091
List the prime factors of 529176878.
2, 257, 1029527
What are the prime factors of 1386149477?
73, 433, 43853
List the prime factors of 401676635.
5, 80335327
List the prime factors of 2330704313.
7, 332957759
List the prime factors of 685917760.
2, 5, 11, 194863
What are the prime factors of 273242450?
2, 5, 13, 41, 10253
List the prime factors of 141601417.
79, 1792423
What are the prime factors of 441781597?
19, 23251663
What are the prime factors of 1055595014?
2, 527797507
List the prime factors of 366435865.
5, 73287173
List the prime factors of 15743835.
3, 5, 139, 839
What are the prime factors of 2414484076?
2, 603621019
List the prime factors of 15143122.
2, 1933, 3917
What are the prime factors of 3429453083?
7, 103, 4756523
What are the prime factors of 353909133?
3, 103, 293, 1303
List the prime factors of 67174946.
2, 71, 367, 1289
What are the prime factors of 159775324?
2, 37, 239, 4517
What are the prime factors of 21634190?
2, 5, 281, 7699
List the prime factors of 430627323.
3, 7, 17, 83, 14533
List the prime factors of 32907172.
2, 17, 483929
What are the prime factors of 38094737?
109, 349493
What are the prime factors of 2989009722?
2, 3, 43, 1993, 5813
List the prime factors of 2246151932.
2, 541, 1037963
List the prime factors of 137831904.
2, 3, 7, 9767
List the prime factors of 35616796.
2, 8904199
List the prime factors of 293822772.
2, 3, 37, 179, 3697
What are the prime factors of 332964782?
2, 283, 588277
What are the prime factors of 4180663746?
2, 3, 7, 19, 30637
List the prime factors of 103172336.
2, 6448271
List the prime factors of 84699666.
2, 3, 4705537
What are the prime factors of 977757752?
2, 122219719
List the prime factors of 4349389825.
5, 11, 15815963
List the prime factors of 484138579.
484138579
List the prime factors of 1461252083.
1461252083
List the prime factors of 3137727749.
13, 277, 871349
List the prime factors of 94610633.
13, 19, 67, 5717
What are the prime factors of 94933470?
2, 3, 5, 31, 102079
What are the prime factors of 262878401?
271, 970031
List the prime factors of 1446790222.
2, 29, 24944659
List the prime factors of 4800009096.
2, 3, 66666793
What are the prime factors of 12874422?
2, 3, 11, 97, 2011
What are the prime factors of 1740955628?
2, 167, 2606221
List the prime factors of 41986130.
2, 5, 79, 53147
List the prime factors of 40567325.
5, 1622693
What are the prime factors of 21619466?
2, 11, 982703
List the prime factors of 1037634657.
3, 197, 1755727
List the prime factors of 2181407704.
2, 7, 877, 44417
List the prime factors of 4094916917.
7, 13, 19, 338339
What are the prime factors of 3699270?
2, 3, 5, 4567
What are the prime factors of 2157867520?
2, 5, 181, 4657
List the prime factors of 481752401.
13, 1123, 32999
What are the prime factors of 3647580410?
